of g?
3
Suppose 0 = y - 6, 4*i - 5*i - 9*y + 7267 = 0. What is the hundreds digit of i?
2
Let z = 4277 + -6057. Let k = -1255 - z. What is the units digit of k?
5
Suppose 348095 + 92184 + 80293 = 52*a. What is the units digit of a?
1
Let g(z) = z**2 + 11*z + 3. Let k be g(-8). Let o = k + 207. What is the units digit of o?
6
Suppose -4*a + 765 = -3*k, -3*k - 255 = -2*k + 2*a. Let u(n) = 12*n**3 - 4*n**2 - 4*n - 2. Let o be u(-2). Let v = o - k. What is the tens digit of v?
4
Let k(m) be the first derivative of -m**3/3 - 3*m**2/2 + 4*m + 26. Let u be k(0). Suppose h = u*h - 30. What is the units digit of h?
0
Let b(k) = -24*k + 4. Let w be b(2). Let n = -258 - -322. Let m = n - w. What is the units digit of m?
8
Let l(f) = -12*f**2 - 3*f - 24. Suppose 8*b - 2*b + 60 = 0. Let i be l(b). What is the hundreds digit of (15/20)/(-3) - i/8?
1
Suppose -3784 = -16*f + 3544. Suppose 2*d - f = -1646. What is the units digit of -8 + 123/15 - d/5?
9
Let c be (21/(1365/(-52)))/(2/(-10)). Suppose c*t + 3*g - 1227 = 0, 22*t - 24*t + 615 = 3*g. What is the units digit of t?
6
Suppose -89*b = -91*b - 12. Let v be (2/5)/((b/(-5))/6). Suppose 2*u + 392 = v*y, 3*y + 4*u = 114 + 488. What is the tens digit of y?
9
Suppose 27*p = -150*p - 70*p + 8413067. What is the units digit of p?
1
Let o = 18449 + -857. What is the hundreds digit of o?
5
Let k(g) = 11*g**2 - 4*g - 41. Suppose -4*h - 3*a = -h + 3, 4*a = h + 26. What is the tens digit of k(h)?
7
Let q = 155 - 69. Suppose -3*u = v - q, 2*v - 77 - 104 = 3*u. What is the tens digit of (-6 + 2 - v)*-1?
9
Let s be ((-6)/(-7))/(-3) + (-424)/(-14). Suppose 10*w - s = 10. Suppose -5*m = 0, 0 = -w*x + m + 2*m + 116. What is the tens digit of x?
2
Let k = 12117 - -5662. What is the ten thousands digit of k?
1
Suppose 2*j - j - 57099 = -6*j. What is the hundreds digit of j?
1
Let j(k) = 3*k + 339. Let l be j(-21). Let b = 964 + l. What is the thousands digit of b?
1
Let a(s) = -2*s**2 - 41*s - 20. Let w be a(-20). Suppose w = -629*l + 630*l - 391. What is the units digit of l?
1
Let j = -23705 + 58037. What is the hundreds digit of j?
3
Suppose 0 = -3*q + 3, -3198 = -p - 4*q + 21448. What is the tens digit of p?
4
Let t be (-46)/6 + 2/(-6). Let z = -1952 - -1954. What is the hundreds digit of (-1700)/t + (-3)/z?
2
Suppose -86*v - v - 29*v = -5536216. What is the ten thousands digit of v?
4
Suppose 27*r - 4 = 28*r. Let j be (-14 - -15) + r/(-2) + -3. Suppose j = -u - 4*n + 132, 2*u + n - 146 - 132 = 0. What is the units digit of u?
0
Suppose 2*n - x - 51 = 0, 2*n + 16*x = 14*x + 60. Suppose 0 = 5*a - n - 613. What is the hundreds digit of a?
1
Suppose 166*g - 2133321 = 69*g. What is the thousands digit of g?
1
Suppose -23*z = -11850 - 163686. What is the hundreds digit of z?
6
Let g(o) = o**2 + 5*o - 4. Let p be g(-6). What is the tens digit of 300/p - (6 + (-9 - -3))?
5
Let k be -4 + (-152)/((-3)/3). Suppose -5*c + 4*c + h + k = 0, -4*h - 740 = -5*c. Let f = -4 + c. What is the units digit of f?
4
Let i(j) = 19*j + 13. Let v(z) = 372 + 61 + 137 + 836*z. Let p(y) = -133*i(y) + 3*v(y). What is the hundreds digit of p(-10)?
1
What is the tens digit of 92/184*77731/4 + 6/(-16)?
1
Let x(q) = -q + 3*q - 809 + 837. Let f be x(-12). Suppose 21 + 107 = f*d. What is the tens digit of d?
3
Suppose -2*y - g + 52777 = 0, -2*y - 2*g + 58791 = 6019. What is the tens digit of y?
9
Let y = -3499 + 6196. What is the hundreds digit of y?
6
Let q be 77*15 - 6/2. What is the tens digit of q*(-2)/(-3)*(-24)/(-32)?
7
Suppose 0 = 90*b + 110*b - 8303600. What is the hundreds digit of b?
5
Let r(n) = n**3 + 12*n**2 + 11*n + 3. Let i be r(-11). Suppose -4*c + 5*c + i = 0. What is the units digit of (9/(-3))/c + 68?
9
Suppose 4*f + 50 = 130. Suppose -f*h + 22*h = 532. What is the tens digit of h?
6
What is the hundreds digit of 14 - -48163 - (-9 + -8 + 4)?
1
Let r(y) = -10*y**2 - 2*y + 54446. What is the ten thousands digit of r(0)?
5
Let r be (-3 - -1)*(-5 - -4). Suppose 0 = w - 2*u - 1072, r*u = 3*w - 3460 + 264. What is the thousands digit of w?
1
Suppose 2694*k - 2672*k - 757438 = 0. What is the units digit of k?
9
Let i(o) = 137*o - 125. What is the units digit of i(19)?
8
Let i = 96 - 93. Suppose 4*q + 5*u + 226 = q, i*q + 4*u = -230. What is the units digit of q/(-2)*(-8)/(-8)?
1
Suppose 0*g + 626 = -2*o - g, -5*o = 4*g + 1565. Let m = 298 - -141. Let j = o + m. What is the hundreds digit of j?
1
Let o = 65 + -65. Suppose o = -d + 2 + 7. What is the units digit of (d/(-6))/(-3) - (-111)/6?
9
Let k(l) = -l**3 - 32*l**2 + l - 46. Let c be k(-32). What is the units digit of c*(-3 + 1)/4?
9
Let t(i) = -i**3 + 9*i**2 + 8*i + 22. Let j be t(10). Suppose 0 = -j*x + 3*w - 179, -3*w + 3 = 6. Let o = -3 - x. What is the units digit of o?
8
Let y(m) = -m**2 + 19*m + 11. Suppose -n - c + 4 = 0, -3*c = -2*n - n + 6. Let k(q) = 2*q**2 - 2. Let o be k(n). What is the tens digit of y(o)?
5
What is the hundreds digit of (2/(-4))/(38/380) + 23880?
8
Let l(j) = -301 - 47*j + 14*j + 20*j - 56*j. What is the tens digit of l(-28)?
3
Let z = -121 - -124. Suppose 5*l = -z*y, 3*y = 2*l + 12 + 9. Suppose -2*a + 10*x + 373 = y*x, 4*a - x = 773. What is the hundreds digit of a?
1
Suppose -105993 = -2*v + m, 5*v = -2*m + 298147 - 33151. What is the ten thousands digit of v?
5
Suppose 5*q + 27 = -4*q. Let b be (3 + 12/q)*0. Suppose 5*j - 27 - 13 = b. What is the units digit of j?
8
Let i(v) = -2*v**3 - 19*v**2 - 13*v - 150. What is the ten thousands digit of i(-25)?
1
Let g(v) = v**3 - 6*v**2 + 7*v + 8. Suppose -28 = 8*t - 60. Let j be g(t). Suppose q - 970 = -5*o, 5*o + j*q - 970 = -q. What is the tens digit of o?
9
Let n(f) = -f**3 + 19*f**2 + 64*f + 46. Let h be n(22). Suppose -5*j - 1944 = -3*t - h*j, -t + 4*j = -642. What is the hundreds digit of t?
6
Suppose 30 = 11*y - 5*y. Suppose 3*c = y*i + 25, -4*i = c - 2*i - 1. Suppose -522 = -2*r + 4*w, 0 = -2*r - c*w - 198 + 675. What is the hundreds digit of r?
2
Suppose 2*p + 6*h - 5*h + 3060 = 0, 1523 = -p + 3*h. Let v = 2642 + p. What is the units digit of v?
3
Let g = -241 + 249. Let z(q) = -q**3 + 22*q**2 + 3*q - 9. What is the hundreds digit of z(g)?
9
What is the ten thousands digit of (14*(-26)/1092)/((-2)/172812)?
2
Suppose 7*o = 5*u + 2*o - 40, 0 = -4*o - 20. Suppose u*a = a + 6. What is the units digit of ((202/a)/(-2))/((-8)/24)?
1
Let w = 1784 - -959. What is the hundreds digit of w?
7
Suppose -202*p + 672*p + 171746 - 34287636 = 0. What is the units digit of p?
7
Suppose y - 3529 - 14262 = -2*o, 5*y = o + 88922. What is the units digit of y?
5
Let s(n) = -85*n**3 - 8*n**2 - 11*n - 26. What is the tens digit of s(-3)?
3
Let t be (22 + (-6)/(-2))*1. Let q = -379 - -364. Let c = t - q. What is the tens digit of c?
4
Let b(g) be the first derivative of 5*g**4/24 + 5*g**3/2 - 11*g**2/2 + 5. Let x(r) be the second derivative of b(r). What is the units digit of x(11)?
0
Suppose 0 = 3*r + 5*x + 1063, -995 = 5*r - 3*x + 720. Let i = -235 - r. What is the units digit of i?
1
Let h(l) = 3*l**3 + 17*l**2 - 66*l + 624. What is the units digit of h(16)?
8
Let c = -663 + 5434. What is the tens digit of c?
7
Suppose -2*u - 10*u = -72. Let r be 0 - -5*(u/10 - -3). Suppose 0 = -r*y + 2103 + 3261. What is the tens digit of y?
9
Suppose -b + 30924 = 5*q, -3*q + 2*b = q - 24756. What is the units digit of q?
6
What is the thousands digit of (-4908915)/(-765) + 8/68?
6
Let n be 0/26 + -1 + 0 + 6. Suppose n*f = f + 80. What is the tens digit of f?
2
Suppose 0 = -l - 4*l + 4365. Suppose -4*v + v + p + 876 = 0, 3*v - 2*p = l. Suppose -5*k + v = 4*w, 0 = 3*k - 2*w - 0*w - 189. What is the tens digit of k?
6
Suppose -2*q + 32180 = 4*k, 0 = 24*q - 20*q + k - 64374. What is the ten thousands digit of q?
1
Suppose 37 - 29 = s. Suppose 2*w = 5*p + w - 26, -2*p + w = -s. Suppose -5*f = -4*c + 382, 0 = -f - 4 + p. What is the units digit of c?
8
Let w(a) = 7*a**2 + 5*a - 11. Let q(n) = 15*n**2 + 11*n - 24. Let g(p) = -6*q(p) + 13*w(p). Let y be g(-1). What is the units digit of ((-8)/(-8))/(y/12)?
4
Let q(b) = -b**3 + 3*b**2 + 2*b - 3. Let k be q(3). Suppose -2*u + 0*u + 92 = -k*a, a = 4*u - 194. What is the units digit of (2/2)/((u/(-574))/(-7))?
2
Suppose 11*n - 15 = 6*n. Suppose 5*z - n*z + 2*i - 298 = 0, -263 = -2*z + 5*i. Suppose 56 +